{"id":8,"name":"strona-glowna-1","title":"Strona g\u0142\u00f3wna BIP","desc":"","header":"Strona g\u0142\u00f3wna BIP","lead":"","keywords":"","changes":"Wprowadzenie tre\u015bci","menu":"Strona g\u0142\u00f3wna BIP","path":"\/strona-glowna-1.html","url":"\/strona-glowna-1.html","infoOwner":"Muzeum Historyczne w Bielsku-Bia\u0142ej","dateFirstPublicate":"2025-05-16 16:02:09","dateLastVersionPublicate":"2025-05-16 16:02:09","dateAvailableFrom":"","dateAvailableTo":"","type":"jednostki_Zwyk\u0142a","pageParams":[],"components":[{"id":"46f50999-7310-11e9-90c1-000c290e6fc2","type":"ContentWYSIWYG","name":"Informacje og\u00f3lne","description":"Tre\u015b\u0107 strony","content":{"content":"\u003Cp\u003EZamek Ksi\u0105\u017c\u0105t Su\u0142kowskich, Stara Fabryka, Dom Tkacza i Fa\u0142at\u00f3wka \u2013 cztery miejsca tworz\u0105ce Muzeum Historyczne w Bielsku-Bia\u0142ej.\u003C\/p\u003E\n\u003Cp\u003EMuzeum gromadzi, bada i przechowuje pami\u0119\u0107 o naszej przesz\u0142o\u015bci, zachowuj\u0105c trwa\u0142o\u015b\u0107 istnienia, kszta\u0142tuje i rozszerza \u015bwiadomo\u015b\u0107 o niej, jest miejscem spotka\u0144 i wymiany my\u015bli. Chroni i uwra\u017cliwia na pi\u0119kno lokalnej tw\u00f3rczo\u015bci. Jest depozytariuszem pami\u0119ci o przesz\u0142o\u015bci i miejscem wsp\u00f3lnototw\u00f3rczym. W duchu wielokulturowego dialogu i wsp\u00f3\u0142pracy buduje regionaln\u0105, narodow\u0105 i europejsk\u0105 to\u017csamo\u015b\u0107.\u003C\/p\u003E","promotion":false}},{"id":"46f5aefd-7310-11e9-90c1-000c290e6fc2","type":"Html","name":"_Pe\u0142na lista us\u0142ug","description":"HTML","content":{"content":{"html":""}}},{"id":"46f654da-7310-11e9-90c1-000c290e6fc2","type":"Html","name":"_Pe\u0142na lista og\u0142osze\u0144","description":"HTML","content":{"content":{"html":""}}}]}

Strona główna BIP

Wprowadzenie treści

Muzeum Historyczne w Bielsku-Białej

jednostki_Zwykła

Informacje ogólne

Treść strony

<p>Zamek Książąt Sułkowskich, Stara Fabryka, Dom Tkacza i Fałatówka – cztery miejsca tworzące Muzeum Historyczne w Bielsku-Białej.</p>
<p>Muzeum gromadzi, bada i przechowuje pamięć o naszej przeszłości, zachowując trwałość istnienia, kształtuje i rozszerza świadomość o niej, jest miejscem spotkań i wymiany myśli. Chroni i uwrażliwia na piękno lokalnej twórczości. Jest depozytariuszem pamięci o przeszłości i miejscem wspólnototwórczym. W duchu wielokulturowego dialogu i współpracy buduje regionalną, narodową i europejską tożsamość.</p>

_Pełna lista usług

_Pełna lista ogłoszeń
